9. Calculate the remainder when t is divided by 10.
6
Calculate the remainder when 652/1*(-150 - -156) is divided by 28.
20
Let m = 110 - 107. Suppose 274 = -m*h - 35. Let j = h + 115. Calculate the remainder when 47 is divided by j.
11
Suppose 0 = 26*s + 104 - 3978. What is the remainder when s is divided by 50?
49
Let k(c) = 6*c**2 + 4*c + 29. What is the remainder when k(0) is divided by (-5)/3*(-6 + 3)?
4
Let a(w) = w**3 + 51*w**2 - 207*w + 862. Calculate the remainder when a(-55) is divided by 46.
9
Let h be (-8)/(-1) - 4 - -1. Suppose -660 = -5*s - 4*q, 5*s - 4*s - 132 = h*q. What is the remainder when s is divided by 17?
13
Let m be -6*(3 + (200/(-15))/4). Suppose -m*p = 19*p - 1827. What is the remainder when p is divided by 15?
12
Suppose 0 = -6*s + 7*s - 27. Suppose 2*c - 5*f - 164 = 0, -f = 2*f + 12. Suppose 6*t - c = -30. Calculate the remainder when s is divided by t.
6
Let w(f) = -12*f**3 + 71*f**2 + 5*f + 15. What is the remainder when 640 is divided by w(5)?
10
Suppose -81*c + 10904 = -34*c. What is the remainder when 694 is divided by c?
230
Suppose -341 + 77 = -11*l. Let z = -22 + l. Calculate the remainder when 104 is divided by (1 - (z - (-38)/(-3)))*3.
34
Let i be (-160 + 2)/(12 - 13). Let w be (4/(-2))/((20/6)/(-5)). Suppose -4*d = -p - 149, -w*d = -4*p + 30 - i. Calculate the remainder when 68 is divided by d.
32
Let m(j) = -j**2 + 2*j + 2. Let o be m(3). Let p(i) = 4*i**2 + 6*i + 1. What is the remainder when (-4 - -4) + o + 51 is divided by p(-3)?
12
Let c = 4502 + -4469. What is the remainder when 37 is divided by c?
4
Let g = 355 + -171. Suppose -w - 2*c = -46, -4*w - 3*c - 2*c = -g. What is the remainder when w is divided by 4?
2
Suppose -2*p + 224 = -2*c, -3581*p + 3580*p = -3*c - 128. What is the remainder when 8212 is divided by p?
100
Let r(v) = 2*v**3 + 12*v**2 - v - 2. Let y be r(-6). Suppose l - 32 = -0*l + q, y*q + 158 = 5*l. What is the remainder when l is divided by ((-8)/(-20) - -3)*5?
13
Suppose -4*y + 135 = -y. Let p = 17096 - 17082. Calculate the remainder when y is divided by p.
3
Let h be 2/1 + 3 + -11 + 6. Suppose 1421 = 5*s + 3*p - 7*p, p - 1 = h. What is the remainder when s is divided by 6?
3
Suppose 0 = -0*u + u - 3, 3*k = u + 9. Calculate the remainder when 628/16 + (-1)/4 is divided by (18 - (k - 1)) + 3 + -4.
11
Let z(g) = g**2 - 50*g - 94. What is the remainder when 726 is divided by z(52)?
6
Suppose -2*i + 40 - 10 = 0. Let p(s) = 3*s**2 - 26*s - 4. Let d be p(9). Suppose d*z = -9*z + 84. What is the remainder when i is divided by z?
3
Let r(o) = o**2 - 20*o - 83. Let v be r(26). Suppose -6*m = -137 - v. Calculate the remainder when 314 is divided by m.
34
Let c be 474/10 + 6/(-15). Suppose -41*q - 1068 = -c*q. Calculate the remainder when q is divided by 36.
34
Suppose -3*q - 153 = 177*v - 180*v, -2*q = 8. Let f = 4 + -3. Let p = 11 - f. What is the remainder when v is divided by p?
7
Suppose 24*q - 1206 = 6*q. What is the remainder when q is divided by 4?
3
Let j(k) be the second derivative of k**3/3 + 15*k. Let t be j(1). Suppose 0 = -t*i - a + 44, 6*a = a. What is the remainder when i is divided by 13?
9
Let r(w) = 5*w**2 + 436*w + 219. Calculate the remainder when 802 is divided by r(-87).
10
Suppose 0 = 3*r - 5*m - 0*m - 258, 2*m + 87 = r. Let d = 17 + -13. Suppose -5*z + r = b - 0*b, -66 = -d*z - 2*b. What is the remainder when 110 is divided by z?
14
Suppose 0 = 30*p - 12 - 18. Let h = 1 - 1. Suppose 4*z + p - 33 = h. Calculate the remainder when z is divided by 5.
3
Suppose 25452 = 9*w - 1251. Calculate the remainder when w is divided by 110.
107
Let c(i) = 35*i**2 + 2. Let p = 10 + 51. Let f = p - 48. Calculate the remainder when c(-1) is divided by f.
11
Let v be (2 - (1 + 1))/4. Calculate the remainder when 28*-1*2/(-4) is divided by (-10*((-8)/20 - v))/2.
0
Let z(t) = 11*t**2 - 55*t + 13. Calculate the remainder when 382 is divided by z(6).
66
Let b(g) = -13*g - 39. Let s be b(-5). Suppose -s*w = -8*w - 648. What is the remainder when 139 is divided by w?
31
Let v(a) = a**3 - 12*a**2 + 8*a + 3. Let f be v(4). Let g = 115 + f. Let x = g + -4. What is the remainder when 197 is divided by x?
17
Let a = -867 - -909. Suppose 3*o - 17 = -d, -3*o = -d - o + 27. What is the remainder when a is divided by d?
19
Let j be (-90)/210 - 90/(-14). Suppose 0*p = -p + 18. Calculate the remainder when (4/j)/((2/318)/1) is divided by p.
16
Let b = -346 + 508. Let m = -930 + 963. What is the remainder when m is divided by (b/(-63))/((-1)/7)?
15
Suppose -v + 3*h + 2304 = 0, 0 = -0*v + 5*v - 5*h - 11490. Calculate the remainder when v is divided by 6.
3
Suppose 1896 = -3745*d + 3753*d. Suppose d*c = 244*c - 182. Suppose 3*a - 190 = 20. Calculate the remainder when a is divided by c.
18
Let s = -95 - -107. Let q be -9 - (14/10 - s/30). What is the remainder when (-44)/(-10)*(5 - (-25)/q) is divided by 4?
3
Let a be 5/(105/6) + 2242/(-7). Let q = a + 327. Calculate the remainder when 23 is divided by q.
2
Let y = 122 - 118. What is the remainder when 59 is divided by (-2 - -5)*y/((-60)/(-115))?
13
Let j(d) = 10*d - 6. Let r be j(1). Suppose r*y + 2*o + 3*o = 179, 5*y - 4*o - 234 = 0. What is the remainder when 84 is divided by y?
38
What is the remainder when 1199 is divided by ((-728)/(-65) + -10)*25?
29
Suppose v = -3 + 2. Suppose -5*f - 4*k = 11, -33*f + 28*f - 3*k - 12 = 0. Calculate the remainder when 17 is divided by v/(-2) + (-34)/(-4) + f.
5
Let n be (-78)/(-65)*(-10)/(-4). Suppose 89 = -g + 2*g + n*o, 3*g = -5*o + 255. Calculate the remainder when 157 is divided by g.
77
Suppose 4*d + 5*a - 92 = 226, 2*d - 170 = 3*a. Let r = 181 - d. What is the remainder when r is divided by 51?
48
Suppose -3*q - 32 = -11*q. Suppose n = -5*i + 175, 0*n + 20 = q*n. What is the remainder when i is divided by ((-6)/8)/(1/(-24))?
16
Suppose -15*b + 235 = 3*y - 14*b, 0 = 5*y - 3*b - 387. Calculate the remainder when 1169 is divided by y.
77
Let j(b) = 176*b - 40. Calculate the remainder when j(2) is divided by 108.
96
Let x = -341 - -343. Let l(p) = 56*p**3 - 6*p**2 + 4*p - 1. What is the remainder when l(x) is divided by 12?
11
What is the remainder when (4 - -3)*94 + -11*(-66)/121 is divided by 95?
94
Suppose 6*l = 11*l - 2*y - 3385, -4*l = -4*y - 2708. Calculate the remainder when l is divided by 85.
82
Let j(p) = -2*p + 5. Let y(c) = -c**3 - 3*c - 1. Let l be y(0). Let u(s) = -62*s**3 + s**2 + 3*s + 2. What is the remainder when u(l) is divided by j(-4)?
10
Let i = -4 + 6. Let q(d) = d**3 + 3*d**2 + 2. Suppose n - 3*u - 7 = 5, -23 = n + 4*u. Calculate the remainder when q(n) is divided by i.
0
Let y = 30 + -18. Let o be 11 + 8 + -16 + -74*24. Let w = o + 1928. What is the remainder when w is divided by y?
11
Let y = 41339 - 41308. Calculate the remainder when y is divided by (-18)/(-7)*(7 - 0).
13
Suppose 3868*a = 3866*a + 74. Suppose 0*r = -3*r + 327. What is the remainder when r is divided by a?
35
Calculate the remainder when 1400*(5/280*-4)/((-30)/525) is divided by 2.
0
Suppose -j = 5*v - 1888, 20*v - 6623 - 908 = 3*j. Calculate the remainder when 763 is divided by v.
9
Calculate the remainder when 4443 is divided by (-112)/(-24)*12/(-8) + 24 - 1.
11
Suppose 10*z - 5*z = -z + 264. Calculate the remainder when 2370 is divided by z.
38
Let h be (-9)/6*(2 + (-606)/9). Let k be 802/26 - 4/(-26). Let g = h - k. What is the remainder when g is divided by 14?
11
Let g = 43 - 22. What is the remainder when g is divided by (-125)/(-7) + (-1938)/(-13566)?
3
Suppose -265 = -0*t + 5*t. Let l = -49 - t. Suppose l*b = -2*c + b + 67, 3*c = -b + 104. Calculate the remainder when c is divided by 11.
2
Let z(h) = h**3 - 11*h**2 - h - 4. Let k be z(8). Let s = -178 - k. What is the remainder when 128 is divided by s?
24
Let q = -941 + 946. Suppose 242 = 5*k + 5*o - 1853, 3*o = -q*k + 2085. What is the remainder when k is divided by 35?
29
Let n = -21 - -12. Let w be n/6*48/18. Let x = w + 30. What is the remainder when 102 is divided by x?
24
Let j(a) = 2*a**3 - 147*a**2 - 201*a - 169. Calculate the remainder when j(75) is divided by 325.
6
Suppose r - 4*q - 2716 = 0, 0 = 5*r - 5*q - 12471 - 1094. Calculate the remainder when r is divided by 16.
8
Calculate the remainder when 873 is divided by (485/(-25) + -5)/((-8)/14